{"id":8,"date":"2022-09-21T14:26:37","date_gmt":"2022-09-21T12:26:37","guid":{"rendered":"https:\/\/wiener.ch\/thorgevsky-wiener\/?page_id=8"},"modified":"2022-10-24T19:57:08","modified_gmt":"2022-10-24T17:57:08","slug":"klassiker%ef%bf%bc","status":"publish","type":"page","link":"https:\/\/wiener.ch\/thorgevsky-wiener\/klassiker%ef%bf%bc\/","title":{"rendered":"Auswahl"},"content":{"rendered":"\n<p>Maria Thorgevsky und Dan Wiener haben seit 1989 in unz\u00e4hligen Produktionen eine eigene Theatersprache entwickelt. Sie verbinden mit Leichtigkeit und viel K\u00f6nnen Theater mit Musik, Ost mit West, Gef\u00fchl mit Unterhaltung. Ihr Handwerk umfasst dabei nicht nur Schauspiel und Gesang. Maria Thorgevsky hat als Dramaturgin und Regisseurin ebenso zum Erfolg beigetragen wie Dan Wiener als Komponist von Theatermusik, als \u00dcbersetzer aus dem Russischen und Jiddischen und als Produzent.<\/p>\n\n\n\n<figure class=\"wp-block-gallery has-nested-images columns-default is-cropped wp-block-gallery-1 is-layout-flex wp-block-gallery-is-layout-flex\">\n<figure class=\"wp-block-image size-large\"><img loading=\"lazy\" decoding=\"async\" width=\"245\" height=\"203\" data-id=\"91\" src=\"https:\/\/wiener.ch\/thorgevsky-wiener\/wp-content\/uploads\/sites\/5\/2022\/10\/tschechow1_small.jpg\" alt=\"\" class=\"wp-image-91\"\/><figcaption>b\u00e9n\u00e9fice&#8230;<\/figcaption><\/figure>\n\n\n\n<figure class=\"wp-block-image size-large\"><img loading=\"lazy\" decoding=\"async\" width=\"245\" height=\"176\" data-id=\"93\" src=\"https:\/\/wiener.ch\/thorgevsky-wiener\/wp-content\/uploads\/sites\/5\/2022\/10\/moliere1_small.jpg\" alt=\"\" class=\"wp-image-93\"\/><figcaption>moli\u00e8re&#8230;<\/figcaption><\/figure>\n\n\n\n<figure class=\"wp-block-image size-large\"><img loading=\"lazy\" decoding=\"async\" width=\"1181\" height=\"829\" data-id=\"95\" src=\"https:\/\/wiener.ch\/thorgevsky-wiener\/wp-content\/uploads\/sites\/5\/2022\/10\/benefice.jpg\" alt=\"\" class=\"wp-image-95\" srcset=\"https:\/\/wiener.ch\/thorgevsky-wiener\/wp-content\/uploads\/sites\/5\/2022\/10\/benefice.jpg 1181w, https:\/\/wiener.ch\/thorgevsky-wiener\/wp-content\/uploads\/sites\/5\/2022\/10\/benefice-300x211.jpg 300w, https:\/\/wiener.ch\/thorgevsky-wiener\/wp-content\/uploads\/sites\/5\/2022\/10\/benefice-1024x719.jpg 1024w, https:\/\/wiener.ch\/thorgevsky-wiener\/wp-content\/uploads\/sites\/5\/2022\/10\/benefice-768x539.jpg 768w\" sizes=\"auto, (max-width: 1181px) 100vw, 1181px\" \/><figcaption>tschechow&#8230;<\/figcaption><\/figure>\n\n\n\n<figure class=\"wp-block-image size-large\"><img loading=\"lazy\" decoding=\"async\" width=\"1024\" height=\"1024\" data-id=\"100\" src=\"https:\/\/wiener.ch\/thorgevsky-wiener\/wp-content\/uploads\/sites\/5\/2022\/10\/hotsong-1024x1024.jpg\" alt=\"\" class=\"wp-image-100\" srcset=\"https:\/\/wiener.ch\/thorgevsky-wiener\/wp-content\/uploads\/sites\/5\/2022\/10\/hotsong-1024x1024.jpg 1024w, https:\/\/wiener.ch\/thorgevsky-wiener\/wp-content\/uploads\/sites\/5\/2022\/10\/hotsong-300x300.jpg 300w, https:\/\/wiener.ch\/thorgevsky-wiener\/wp-content\/uploads\/sites\/5\/2022\/10\/hotsong-150x150.jpg 150w, https:\/\/wiener.ch\/thorgevsky-wiener\/wp-content\/uploads\/sites\/5\/2022\/10\/hotsong-768x768.jpg 768w, https:\/\/wiener.ch\/thorgevsky-wiener\/wp-content\/uploads\/sites\/5\/2022\/10\/hotsong.jpg 1181w\" sizes=\"auto, (max-width: 1024px) 100vw, 1024px\" \/><figcaption>chansons&#8230;<\/figcaption><\/figure>\n\n\n\n<figure class=\"wp-block-image size-large\"><img loading=\"lazy\" decoding=\"async\" width=\"1181\" height=\"853\" data-id=\"97\" src=\"https:\/\/wiener.ch\/thorgevsky-wiener\/wp-content\/uploads\/sites\/5\/2022\/10\/75000e.jpg\" alt=\"\" class=\"wp-image-97\" srcset=\"https:\/\/wiener.ch\/thorgevsky-wiener\/wp-content\/uploads\/sites\/5\/2022\/10\/75000e.jpg 1181w, https:\/\/wiener.ch\/thorgevsky-wiener\/wp-content\/uploads\/sites\/5\/2022\/10\/75000e-300x217.jpg 300w, https:\/\/wiener.ch\/thorgevsky-wiener\/wp-content\/uploads\/sites\/5\/2022\/10\/75000e-1024x740.jpg 1024w, https:\/\/wiener.ch\/thorgevsky-wiener\/wp-content\/uploads\/sites\/5\/2022\/10\/75000e-768x555.jpg 768w\" sizes=\"auto, (max-width: 1181px) 100vw, 1181px\" \/><figcaption>75 000&#8230;<\/figcaption><\/figure>\n\n\n\n<figure class=\"wp-block-image size-large\"><img loading=\"lazy\" decoding=\"async\" width=\"1476\" height=\"695\" data-id=\"98\" src=\"https:\/\/wiener.ch\/thorgevsky-wiener\/wp-content\/uploads\/sites\/5\/2022\/10\/mountains3.jpg\" alt=\"\" class=\"wp-image-98\" srcset=\"https:\/\/wiener.ch\/thorgevsky-wiener\/wp-content\/uploads\/sites\/5\/2022\/10\/mountains3.jpg 1476w, https:\/\/wiener.ch\/thorgevsky-wiener\/wp-content\/uploads\/sites\/5\/2022\/10\/mountains3-300x141.jpg 300w, https:\/\/wiener.ch\/thorgevsky-wiener\/wp-content\/uploads\/sites\/5\/2022\/10\/mountains3-1024x482.jpg 1024w, https:\/\/wiener.ch\/thorgevsky-wiener\/wp-content\/uploads\/sites\/5\/2022\/10\/mountains3-768x362.jpg 768w\" sizes=\"auto, (max-width: 1476px) 100vw, 1476px\" \/><figcaption>b\u00e4rge&#8230;<\/figcaption><\/figure>\n\n\n\n<figure class=\"wp-block-image size-large\"><img loading=\"lazy\" decoding=\"async\" width=\"1181\" height=\"939\" data-id=\"99\" src=\"https:\/\/wiener.ch\/thorgevsky-wiener\/wp-content\/uploads\/sites\/5\/2022\/10\/Russ.jpg\" alt=\"\" class=\"wp-image-99\" srcset=\"https:\/\/wiener.ch\/thorgevsky-wiener\/wp-content\/uploads\/sites\/5\/2022\/10\/Russ.jpg 1181w, https:\/\/wiener.ch\/thorgevsky-wiener\/wp-content\/uploads\/sites\/5\/2022\/10\/Russ-300x239.jpg 300w, https:\/\/wiener.ch\/thorgevsky-wiener\/wp-content\/uploads\/sites\/5\/2022\/10\/Russ-1024x814.jpg 1024w, https:\/\/wiener.ch\/thorgevsky-wiener\/wp-content\/uploads\/sites\/5\/2022\/10\/Russ-768x611.jpg 768w\" sizes=\"auto, (max-width: 1181px) 100vw, 1181px\" \/><figcaption>\u043f\u0435\u0441\u043d\u0438&#8230;<\/figcaption><\/figure>\n\n\n\n<figure class=\"wp-block-image size-large\"><img loading=\"lazy\" decoding=\"async\" width=\"1122\" height=\"747\" data-id=\"44\" src=\"https:\/\/wiener.ch\/thorgevsky-wiener\/wp-content\/uploads\/sites\/5\/2022\/10\/Tejbele2-klein.jpg\" alt=\"\" class=\"wp-image-44\" srcset=\"https:\/\/wiener.ch\/thorgevsky-wiener\/wp-content\/uploads\/sites\/5\/2022\/10\/Tejbele2-klein.jpg 1122w, https:\/\/wiener.ch\/thorgevsky-wiener\/wp-content\/uploads\/sites\/5\/2022\/10\/Tejbele2-klein-300x200.jpg 300w, https:\/\/wiener.ch\/thorgevsky-wiener\/wp-content\/uploads\/sites\/5\/2022\/10\/Tejbele2-klein-1024x682.jpg 1024w, https:\/\/wiener.ch\/thorgevsky-wiener\/wp-content\/uploads\/sites\/5\/2022\/10\/Tejbele2-klein-768x511.jpg 768w\" sizes=\"auto, (max-width: 1122px) 100vw, 1122px\" \/><figcaption>tejbele&#8230;<\/figcaption><\/figure>\n<\/figure>\n\n\n\n<p><strong>Auswahl:<\/strong><\/p>\n\n\n\n<p><a href=\"https:\/\/www.wiener.ch\/de\/buhne\/9-thorgevsky-wiener\/280-ueber-alli-baerge\" target=\"_blank\" rel=\"noreferrer noopener\">\u00dcber alli B\u00e4rge<\/a><br>Ein Junge emigriert 1852 aus der Schweiz. Alte und neue Volksmusik begleitet ihn von der Schweiz bis in die Karpaten. (Mit Maria Thorgevsky, Karel Boeschoten, Sergej Simbirev und Dan Wiener)<\/p>\n\n\n\n<p><a rel=\"noreferrer noopener\" href=\"https:\/\/www.wiener.ch\/de\/buhne\/9-thorgevsky-wiener\/278-tejbele-taeubchen-nach-i-b-singer\" target=\"_blank\">Tejbele(T\u00e4ubchen)<\/a><br>Ein Theaterprojekt nach I.B. Singer<br>von und mit Maria Thorgevsky &amp; Dan Wiener<\/p>\n\n\n\n<p><a rel=\"noreferrer noopener\" href=\"https:\/\/www.wiener.ch\/de\/buhne\/9-thorgevsky-wiener\/285-zuerich-petrograd-einfach-eine-szenische-zugreise-mit-lenin\" target=\"_blank\">Z\u00fcrich Petrograd einfach &#8211; eine szenische Zugreise mit Lenin<\/a><br>Lenins Zugreise 1917 und die Folgen.<\/p>\n\n\n\n<p><a rel=\"noreferrer noopener\" href=\"https:\/\/www.wiener.ch\/de\/buhne\/9-thorgevsky-wiener\/71-vo-monsche-u-tier\" target=\"_blank\">Vo M\u00f6nsche u Tier \u2013 Berndeutsche Texte und Lieder von Dan Wiener<\/a><br>Ein saTIERisches Programm mit modernen Fabeln und jazzigem Groove mit Thierry Humbel (Bass) und Cyrill L\u00fctzelschwab (Schlagzeug) und Dan Wiener (Text, Stimme und Gitarre)<\/p>\n\n\n\n<p><strong>&#8230;und ein paar Klassiker:<\/strong><\/p>\n\n\n\n<p><a href=\"https:\/\/www.wiener.ch\/de\/buhne\/9-thorgevsky-wiener\/30-hot-songs-from-the-cold-war\" target=\"_blank\" rel=\"noreferrer noopener\">\u201eHot Songs from the Cold War&#8220;<\/a>&nbsp;Salzburger Stier 1998<\/p>\n\n\n\n<p><a href=\"https:\/\/www.wiener.ch\/de\/buhne\/9-thorgevsky-wiener\/33-charms\" target=\"_blank\" rel=\"noreferrer noopener\">\u201eCharms!&#8220;<\/a>&#8211; Eine Hommage an Daniil Charms<\/p>\n\n\n\n<p><a href=\"https:\/\/www.wiener.ch\/de\/buhne\/9-thorgevsky-wiener\/24-russische-lieder\" target=\"_blank\" rel=\"noreferrer noopener\">Russische Lieder<\/a>&nbsp;&#8211; Das erste Programm \u2013 siehe auch CDs<\/p>\n\n\n\n<p><a href=\"https:\/\/www.wiener.ch\/de\/buhne\/9-thorgevsky-wiener\/36-75000\" target=\"_blank\" rel=\"noreferrer noopener\">\u201e75 000&#8243;<\/a>&nbsp;nach Scholem Alejchem<\/p>\n\n\n\n<p>Weitere \u00fcber 30 Eigenproduktionen unter&nbsp;ARCHIV<\/p>\n","protected":false},"excerpt":{"rendered":"<p>Maria Thorgevsky und Dan Wiener haben seit 1989 in unz\u00e4hligen Produktionen eine eigene Theatersprache entwickelt. Sie verbinden mit Leichtigkeit und viel K\u00f6nnen Theater mit Musik, Ost mit West, Gef\u00fchl mit Unterhaltung. Ihr Handwerk umfasst dabei nicht nur Schauspiel und Gesang. Maria Thorgevsky hat als Dramaturgin und Regisseurin ebenso zum Erfolg beigetragen wie Dan Wiener als [&hellip;]<\/p>\n","protected":false},"author":1,"featured_media":0,"parent":0,"menu_order":0,"comment_status":"closed","ping_status":"closed","template":"","meta":{"footnotes":""},"class_list":["post-8","page","type-page","status-publish","hentry"],"_links":{"self":[{"href":"https:\/\/wiener.ch\/thorgevsky-wiener\/wp-json\/wp\/v2\/pages\/8","targetHints":{"allow":["GET"]}}],"collection":[{"href":"https:\/\/wiener.ch\/thorgevsky-wiener\/wp-json\/wp\/v2\/pages"}],"about":[{"href":"https:\/\/wiener.ch\/thorgevsky-wiener\/wp-json\/wp\/v2\/types\/page"}],"author":[{"embeddable":true,"href":"https:\/\/wiener.ch\/thorgevsky-wiener\/wp-json\/wp\/v2\/users\/1"}],"replies":[{"embeddable":true,"href":"https:\/\/wiener.ch\/thorgevsky-wiener\/wp-json\/wp\/v2\/comments?post=8"}],"version-history":[{"count":5,"href":"https:\/\/wiener.ch\/thorgevsky-wiener\/wp-json\/wp\/v2\/pages\/8\/revisions"}],"predecessor-version":[{"id":105,"href":"https:\/\/wiener.ch\/thorgevsky-wiener\/wp-json\/wp\/v2\/pages\/8\/revisions\/105"}],"wp:attachment":[{"href":"https:\/\/wiener.ch\/thorgevsky-wiener\/wp-json\/wp\/v2\/media?parent=8"}],"curies":[{"name":"wp","href":"https:\/\/api.w.org\/{rel}","templated":true}]}}