{"id":12,"date":"2022-09-21T14:27:50","date_gmt":"2022-09-21T12:27:50","guid":{"rendered":"https:\/\/wiener.ch\/dan-wiener\/?page_id=12"},"modified":"2022-10-13T20:41:02","modified_gmt":"2022-10-13T18:41:02","slug":"kommunikation%ef%bf%bc","status":"publish","type":"page","link":"https:\/\/wiener.ch\/dan-wiener\/kommunikation%ef%bf%bc\/","title":{"rendered":"Kommunikation\ufffc"},"content":{"rendered":"\n<figure class=\"wp-block-image size-large\"><img loading=\"lazy\" decoding=\"async\" width=\"1024\" height=\"779\" src=\"https:\/\/wiener.ch\/dan-wiener\/wp-content\/uploads\/sites\/6\/2022\/10\/dan-ko-1024x779.jpg\" alt=\"\" class=\"wp-image-77\" srcset=\"https:\/\/wiener.ch\/dan-wiener\/wp-content\/uploads\/sites\/6\/2022\/10\/dan-ko-1024x779.jpg 1024w, https:\/\/wiener.ch\/dan-wiener\/wp-content\/uploads\/sites\/6\/2022\/10\/dan-ko-300x228.jpg 300w, https:\/\/wiener.ch\/dan-wiener\/wp-content\/uploads\/sites\/6\/2022\/10\/dan-ko-768x584.jpg 768w, https:\/\/wiener.ch\/dan-wiener\/wp-content\/uploads\/sites\/6\/2022\/10\/dan-ko-1536x1168.jpg 1536w, https:\/\/wiener.ch\/dan-wiener\/wp-content\/uploads\/sites\/6\/2022\/10\/dan-ko.jpg 1552w\" sizes=\"auto, (max-width: 1024px) 100vw, 1024px\" \/><\/figure>\n\n\n\n<p>Seit 2002 stellt Dan Wiener sein Theaterhandwerk nicht nur als Regisseur und in Theaterkursen zur Verf\u00fcgung, sondern ist als international gefragte Fachperson f\u00fcr viele kleine und grosse Unternehmen und Organisationen als Kommunikations-Spezialist unterwegs. Diesem Erfolg ging eine intensive und langj\u00e4hrige Arbeit an kommunikativen und unternehmerischen Themen voraus. In der \u00dcberzeugung, dass ein kultivierter Umgang f\u00fcr die Menschen genauso notwendig ist wie Essen und Trinken, hat er die internationale Gesellschaft f\u00fcr kultivierte Kommunikation und kommunikative Kultur gegr\u00fcndet:<\/p>\n\n\n\n<p><a href=\"http:\/\/www.c-culture.com\/\">communication &amp; culture<\/a><\/p>\n\n\n\n<p>Dan Wiener hat sich seit 2002 kontinuierlich als Kommunikations-Spezialist weiter gebildet. 2008 hat er communication &amp; culture gegr\u00fcndet. Die Gesellschaft widmet sich kulturellen Anl\u00e4ssen, aber auch der Forschung, Konzepten und Schulungen im kulturellen und kommunikativen Umfeld, von der Kreation und der Entwicklung bis zur konkreten Umsetzung.<\/p>\n\n\n\n<p>Dan Wiener hat einige eigene Methoden entwickelt. Unter Anderem die&nbsp;<a href=\"https:\/\/3d-behaviour.com\/de\/\">3D-Behaviour-Method<\/a>. Er begleitet seit bald 20 Jahren erfolgreich Organisationen mit massgeschneiderten Kommunikations-Trainings und Coachings, sowie bei der Entwicklung von Kommunikations-Strategien.<\/p>\n\n\n\n<p>Dan Wiener betreut namhafte Kunden in einem breiten Spektrum von IT, Logistik und Industrie, \u00fcber Finanzen bis zur \u00f6ffentlichen Hand, Universit\u00e4ten und Fachhochschulen. Er leitet Seminare u.a. zu den Themen&nbsp;Rhetorik, Pr\u00e4sentation, Verhandlung, Konflikte, Medien, Auftrittskompetenz, F\u00fchrungskompetenz und kultur\u00fcbergreufende Kommunikation auf Deutsch, Franz\u00f6sisch, Englisch und Russisch. Ausserdem gestaltet und moderiert er Anl\u00e4sse und ist als Coach f\u00fcr einzelne F\u00fchrungskr\u00e4fte ein kompetenter Berater in den oben genannten Themen.<\/p>\n","protected":false},"excerpt":{"rendered":"<p>Seit 2002 stellt Dan Wiener sein Theaterhandwerk nicht nur als Regisseur und in Theaterkursen zur Verf\u00fcgung, sondern ist als international gefragte Fachperson f\u00fcr viele kleine und grosse Unternehmen und Organisationen als Kommunikations-Spezialist unterwegs. Diesem Erfolg ging eine intensive und langj\u00e4hrige Arbeit an kommunikativen und unternehmerischen Themen voraus. In der \u00dcberzeugung, dass ein kultivierter Umgang f\u00fcr [&hellip;]<\/p>\n","protected":false},"author":1,"featured_media":0,"parent":0,"menu_order":0,"comment_status":"closed","ping_status":"closed","template":"","meta":{"footnotes":""},"class_list":["post-12","page","type-page","status-publish","hentry"],"_links":{"self":[{"href":"https:\/\/wiener.ch\/dan-wiener\/wp-json\/wp\/v2\/pages\/12","targetHints":{"allow":["GET"]}}],"collection":[{"href":"https:\/\/wiener.ch\/dan-wiener\/wp-json\/wp\/v2\/pages"}],"about":[{"href":"https:\/\/wiener.ch\/dan-wiener\/wp-json\/wp\/v2\/types\/page"}],"author":[{"embeddable":true,"href":"https:\/\/wiener.ch\/dan-wiener\/wp-json\/wp\/v2\/users\/1"}],"replies":[{"embeddable":true,"href":"https:\/\/wiener.ch\/dan-wiener\/wp-json\/wp\/v2\/comments?post=12"}],"version-history":[{"count":3,"href":"https:\/\/wiener.ch\/dan-wiener\/wp-json\/wp\/v2\/pages\/12\/revisions"}],"predecessor-version":[{"id":78,"href":"https:\/\/wiener.ch\/dan-wiener\/wp-json\/wp\/v2\/pages\/12\/revisions\/78"}],"wp:attachment":[{"href":"https:\/\/wiener.ch\/dan-wiener\/wp-json\/wp\/v2\/media?parent=12"}],"curies":[{"name":"wp","href":"https:\/\/api.w.org\/{rel}","templated":true}]}}